{"id":374,"date":"2018-09-18T23:58:43","date_gmt":"2018-09-18T21:58:43","guid":{"rendered":"http:\/\/mzhk.pl\/?page_id=374"},"modified":"2018-09-18T23:58:43","modified_gmt":"2018-09-18T21:58:43","slug":"lack-2017","status":"publish","type":"page","link":"http:\/\/mzhk.pl\/?page_id=374","title":{"rendered":"\u0141\u0105ck 2017"},"content":{"rendered":"<p>W dniu 14.05.2017 r podczas XXVI \u00a0Gie\u0142dy Rolniczej jak co roku hodowcy z naszego Zwi\u0105zku przygotowali i pokazali swoje kr\u00f3liki .<\/p>\n<div>Zaprezentowano 134 kr\u00f3liki w r\u00f3\u017cnych rasach i odmianach barwnych:<\/p>\n<div>\n<div>Hodowcy kt\u00f3rzy zaprezentowali swoje kr\u00f3liki \u00a0na pokazie w \u0141\u0105cku :<\/p>\n<div>Miros\u0142aw Kantek<\/div>\n<div>Jacek Mozga<\/div>\n<div>Artur Barto\u0142owicz<\/div>\n<div>Piotr i Rafa\u0142 Gaworek<\/div>\n<div>Krzysztof Szcz\u0119sny<\/div>\n<div>Edward Chrostowski<\/div>\n<div>Artur i Adrian Zaboklicki<\/div>\n<div>Wojciech Pajewski<\/div>\n<div>Andrzej Grabowski<\/div>\n<\/div>\n<\/div>\n<\/div>\n<div>Zapraszamy za rok .<\/div>\n<div>\n\n\t\t<style type=\"text\/css\">\n\t\t\t#gallery-1 {\n\t\t\t\tmargin: auto;\n\t\t\t}\n\t\t\t#gallery-1 .gallery-item {\n\t\t\t\tfloat: left;\n\t\t\t\tmargin-top: 10px;\n\t\t\t\ttext-align: center;\n\t\t\t\twidth: 25%;\n\t\t\t}\n\t\t\t#gallery-1 img {\n\t\t\t\tborder: 2px solid #cfcfcf;\n\t\t\t}\n\t\t\t#gallery-1 .gallery-caption {\n\t\t\t\tmargin-left: 0;\n\t\t\t}\n\t\t\t\/* see gallery_shortcode() in wp-includes\/media.php *\/\n\t\t<\/style>\n\t\t<div id='gallery-1' class='gallery galleryid-374 gallery-columns-4 gallery-size-medium'><dl class='gallery-item'>\n\t\t\t<dt class='gallery-icon landscape'>\n\t\t\t\t<a href='http:\/\/mzhk.pl\/?attachment_id=375'><img loading=\"lazy\" decoding=\"async\" width=\"300\" height=\"169\" src=\"http:\/\/mzhk.pl\/wp-content\/uploads\/2018\/09\/\u0141\u0105ck-2017.01-300x169.jpg\" class=\"attachment-medium size-medium\" alt=\"\" aria-describedby=\"gallery-1-375\" srcset=\"http:\/\/mzhk.pl\/wp-content\/uploads\/2018\/09\/\u0141\u0105ck-2017.01-300x169.jpg 300w, http:\/\/mzhk.pl\/wp-content\/uploads\/2018\/09\/\u0141\u0105ck-2017.01-768x432.jpg 768w, http:\/\/mzhk.pl\/wp-content\/uploads\/2018\/09\/\u0141\u0105ck-2017.01.jpg 1024w, http:\/\/mzhk.pl\/wp-content\/uploads\/2018\/09\/\u0141\u0105ck-2017.01-400x225.jpg 400w\" sizes=\"auto, (max-width: 300px) 100vw, 300px\" \/><\/a>\n\t\t\t<\/dt>\n\t\t\t\t<dd class='wp-caption-text gallery-caption' id='gallery-1-375'>\n\t\t\t\tw\n\t\t\t\t<\/dd><\/dl><dl class='gallery-item'>\n\t\t\t<dt class='gallery-icon landscape'>\n\t\t\t\t<a href='http:\/\/mzhk.pl\/?attachment_id=376'><img loading=\"lazy\" decoding=\"async\" width=\"300\" height=\"169\" src=\"http:\/\/mzhk.pl\/wp-content\/uploads\/2018\/09\/\u0141\u0105ck-2017.02-300x169.jpg\" class=\"attachment-medium size-medium\" alt=\"\" aria-describedby=\"gallery-1-376\" srcset=\"http:\/\/mzhk.pl\/wp-content\/uploads\/2018\/09\/\u0141\u0105ck-2017.02-300x169.jpg 300w, http:\/\/mzhk.pl\/wp-content\/uploads\/2018\/09\/\u0141\u0105ck-2017.02-768x432.jpg 768w, http:\/\/mzhk.pl\/wp-content\/uploads\/2018\/09\/\u0141\u0105ck-2017.02.jpg 1024w, http:\/\/mzhk.pl\/wp-content\/uploads\/2018\/09\/\u0141\u0105ck-2017.02-400x225.jpg 400w\" sizes=\"auto, (max-width: 300px) 100vw, 300px\" \/><\/a>\n\t\t\t<\/dt>\n\t\t\t\t<dd class='wp-caption-text gallery-caption' id='gallery-1-376'>\n\t\t\t\t\u0088\n\t\t\t\t<\/dd><\/dl><dl class='gallery-item'>\n\t\t\t<dt class='gallery-icon landscape'>\n\t\t\t\t<a href='http:\/\/mzhk.pl\/?attachment_id=377'><img loading=\"lazy\" decoding=\"async\" width=\"300\" height=\"169\" src=\"http:\/\/mzhk.pl\/wp-content\/uploads\/2018\/09\/\u0141\u0105ck-2017.03-300x169.jpg\" class=\"attachment-medium size-medium\" alt=\"\" aria-describedby=\"gallery-1-377\" srcset=\"http:\/\/mzhk.pl\/wp-content\/uploads\/2018\/09\/\u0141\u0105ck-2017.03-300x169.jpg 300w, http:\/\/mzhk.pl\/wp-content\/uploads\/2018\/09\/\u0141\u0105ck-2017.03-768x432.jpg 768w, http:\/\/mzhk.pl\/wp-content\/uploads\/2018\/09\/\u0141\u0105ck-2017.03.jpg 1024w, http:\/\/mzhk.pl\/wp-content\/uploads\/2018\/09\/\u0141\u0105ck-2017.03-400x225.jpg 400w\" sizes=\"auto, (max-width: 300px) 100vw, 300px\" \/><\/a>\n\t\t\t<\/dt>\n\t\t\t\t<dd class='wp-caption-text gallery-caption' id='gallery-1-377'>\n\t\t\t\ty I\n\t\t\t\t<\/dd><\/dl><dl class='gallery-item'>\n\t\t\t<dt class='gallery-icon portrait'>\n\t\t\t\t<a href='http:\/\/mzhk.pl\/?attachment_id=378'><img loading=\"lazy\" decoding=\"async\" width=\"169\" height=\"300\" src=\"http:\/\/mzhk.pl\/wp-content\/uploads\/2018\/09\/\u0141\u0105ck-2017.04-169x300.jpg\" class=\"attachment-medium size-medium\" alt=\"\" aria-describedby=\"gallery-1-378\" srcset=\"http:\/\/mzhk.pl\/wp-content\/uploads\/2018\/09\/\u0141\u0105ck-2017.04-169x300.jpg 169w, http:\/\/mzhk.pl\/wp-content\/uploads\/2018\/09\/\u0141\u0105ck-2017.04.jpg 576w\" sizes=\"auto, (max-width: 169px) 100vw, 169px\" \/><\/a>\n\t\t\t<\/dt>\n\t\t\t\t<dd class='wp-caption-text gallery-caption' id='gallery-1-378'>\n\t\t\t\t\u00ae\n\t\t\t\t<\/dd><\/dl><br style=\"clear: both\" \/><dl class='gallery-item'>\n\t\t\t<dt class='gallery-icon landscape'>\n\t\t\t\t<a href='http:\/\/mzhk.pl\/?attachment_id=379'><img loading=\"lazy\" decoding=\"async\" width=\"300\" height=\"169\" src=\"http:\/\/mzhk.pl\/wp-content\/uploads\/2018\/09\/\u0141\u0105ck-2017.05-300x169.jpg\" class=\"attachment-medium size-medium\" alt=\"\" aria-describedby=\"gallery-1-379\" srcset=\"http:\/\/mzhk.pl\/wp-content\/uploads\/2018\/09\/\u0141\u0105ck-2017.05-300x169.jpg 300w, http:\/\/mzhk.pl\/wp-content\/uploads\/2018\/09\/\u0141\u0105ck-2017.05-768x432.jpg 768w, http:\/\/mzhk.pl\/wp-content\/uploads\/2018\/09\/\u0141\u0105ck-2017.05.jpg 1024w, http:\/\/mzhk.pl\/wp-content\/uploads\/2018\/09\/\u0141\u0105ck-2017.05-400x225.jpg 400w\" sizes=\"auto, (max-width: 300px) 100vw, 300px\" \/><\/a>\n\t\t\t<\/dt>\n\t\t\t\t<dd class='wp-caption-text gallery-caption' id='gallery-1-379'>\n\t\t\t\t{\n\t\t\t\t<\/dd><\/dl><dl class='gallery-item'>\n\t\t\t<dt class='gallery-icon landscape'>\n\t\t\t\t<a href='http:\/\/mzhk.pl\/?attachment_id=380'><img loading=\"lazy\" decoding=\"async\" width=\"300\" height=\"169\" src=\"http:\/\/mzhk.pl\/wp-content\/uploads\/2018\/09\/\u0141\u0105ck-2017.06-300x169.jpg\" class=\"attachment-medium size-medium\" alt=\"\" aria-describedby=\"gallery-1-380\" srcset=\"http:\/\/mzhk.pl\/wp-content\/uploads\/2018\/09\/\u0141\u0105ck-2017.06-300x169.jpg 300w, http:\/\/mzhk.pl\/wp-content\/uploads\/2018\/09\/\u0141\u0105ck-2017.06-768x432.jpg 768w, http:\/\/mzhk.pl\/wp-content\/uploads\/2018\/09\/\u0141\u0105ck-2017.06.jpg 1024w, http:\/\/mzhk.pl\/wp-content\/uploads\/2018\/09\/\u0141\u0105ck-2017.06-400x225.jpg 400w\" sizes=\"auto, (max-width: 300px) 100vw, 300px\" \/><\/a>\n\t\t\t<\/dt>\n\t\t\t\t<dd class='wp-caption-text gallery-caption' id='gallery-1-380'>\n\t\t\t\tP\n\t\t\t\t<\/dd><\/dl><dl class='gallery-item'>\n\t\t\t<dt class='gallery-icon landscape'>\n\t\t\t\t<a href='http:\/\/mzhk.pl\/?attachment_id=381'><img loading=\"lazy\" decoding=\"async\" width=\"300\" height=\"169\" src=\"http:\/\/mzhk.pl\/wp-content\/uploads\/2018\/09\/\u0141\u0105ck-2017.07-300x169.jpg\" class=\"attachment-medium size-medium\" alt=\"\" aria-describedby=\"gallery-1-381\" srcset=\"http:\/\/mzhk.pl\/wp-content\/uploads\/2018\/09\/\u0141\u0105ck-2017.07-300x169.jpg 300w, http:\/\/mzhk.pl\/wp-content\/uploads\/2018\/09\/\u0141\u0105ck-2017.07-768x432.jpg 768w, http:\/\/mzhk.pl\/wp-content\/uploads\/2018\/09\/\u0141\u0105ck-2017.07.jpg 1024w, http:\/\/mzhk.pl\/wp-content\/uploads\/2018\/09\/\u0141\u0105ck-2017.07-400x225.jpg 400w\" sizes=\"auto, (max-width: 300px) 100vw, 300px\" \/><\/a>\n\t\t\t<\/dt>\n\t\t\t\t<dd class='wp-caption-text gallery-caption' id='gallery-1-381'>\n\t\t\t\t\u0090\n\t\t\t\t<\/dd><\/dl><dl class='gallery-item'>\n\t\t\t<dt class='gallery-icon landscape'>\n\t\t\t\t<a href='http:\/\/mzhk.pl\/?attachment_id=382'><img loading=\"lazy\" decoding=\"async\" width=\"300\" height=\"169\" src=\"http:\/\/mzhk.pl\/wp-content\/uploads\/2018\/09\/\u0141\u0105ck-2017.08-300x169.jpg\" class=\"attachment-medium size-medium\" alt=\"\" aria-describedby=\"gallery-1-382\" srcset=\"http:\/\/mzhk.pl\/wp-content\/uploads\/2018\/09\/\u0141\u0105ck-2017.08-300x169.jpg 300w, http:\/\/mzhk.pl\/wp-content\/uploads\/2018\/09\/\u0141\u0105ck-2017.08-768x432.jpg 768w, http:\/\/mzhk.pl\/wp-content\/uploads\/2018\/09\/\u0141\u0105ck-2017.08.jpg 1024w, http:\/\/mzhk.pl\/wp-content\/uploads\/2018\/09\/\u0141\u0105ck-2017.08-400x225.jpg 400w\" sizes=\"auto, (max-width: 300px) 100vw, 300px\" \/><\/a>\n\t\t\t<\/dt>\n\t\t\t\t<dd class='wp-caption-text gallery-caption' id='gallery-1-382'>\n\t\t\t\td` \u0098\n\t\t\t\t<\/dd><\/dl><br style=\"clear: both\" \/><dl class='gallery-item'>\n\t\t\t<dt class='gallery-icon landscape'>\n\t\t\t\t<a href='http:\/\/mzhk.pl\/?attachment_id=383'><img loading=\"lazy\" decoding=\"async\" width=\"300\" height=\"169\" src=\"http:\/\/mzhk.pl\/wp-content\/uploads\/2018\/09\/\u0141\u0105ck-2017.09-300x169.jpg\" class=\"attachment-medium size-medium\" alt=\"\" aria-describedby=\"gallery-1-383\" srcset=\"http:\/\/mzhk.pl\/wp-content\/uploads\/2018\/09\/\u0141\u0105ck-2017.09-300x169.jpg 300w, http:\/\/mzhk.pl\/wp-content\/uploads\/2018\/09\/\u0141\u0105ck-2017.09-768x432.jpg 768w, http:\/\/mzhk.pl\/wp-content\/uploads\/2018\/09\/\u0141\u0105ck-2017.09.jpg 1024w, http:\/\/mzhk.pl\/wp-content\/uploads\/2018\/09\/\u0141\u0105ck-2017.09-400x225.jpg 400w\" sizes=\"auto, (max-width: 300px) 100vw, 300px\" \/><\/a>\n\t\t\t<\/dt>\n\t\t\t\t<dd class='wp-caption-text gallery-caption' id='gallery-1-383'>\n\t\t\t\ts\n\t\t\t\t<\/dd><\/dl><dl class='gallery-item'>\n\t\t\t<dt class='gallery-icon portrait'>\n\t\t\t\t<a href='http:\/\/mzhk.pl\/?attachment_id=384'><img loading=\"lazy\" decoding=\"async\" width=\"169\" height=\"300\" src=\"http:\/\/mzhk.pl\/wp-content\/uploads\/2018\/09\/\u0141\u0105ck-2017.10-169x300.jpg\" class=\"attachment-medium size-medium\" alt=\"\" aria-describedby=\"gallery-1-384\" srcset=\"http:\/\/mzhk.pl\/wp-content\/uploads\/2018\/09\/\u0141\u0105ck-2017.10-169x300.jpg 169w, http:\/\/mzhk.pl\/wp-content\/uploads\/2018\/09\/\u0141\u0105ck-2017.10.jpg 576w\" sizes=\"auto, (max-width: 169px) 100vw, 169px\" \/><\/a>\n\t\t\t<\/dt>\n\t\t\t\t<dd class='wp-caption-text gallery-caption' id='gallery-1-384'>\n\t\t\t\tq\n\t\t\t\t<\/dd><\/dl>\n\t\t\t<br style='clear: both' \/>\n\t\t<\/div>\n\n<\/div>\n<div><\/div>\n","protected":false},"excerpt":{"rendered":"<p>W dniu 14.05.2017 r podczas XXVI \u00a0Gie\u0142dy Rolniczej jak co roku hodowcy z naszego Zwi\u0105zku przygotowali i pokazali swoje kr\u00f3liki . Zaprezentowano 134 kr\u00f3liki w r\u00f3\u017cnych rasach i odmianach barwnych: Hodowcy kt\u00f3rzy zaprezentowali swoje kr\u00f3liki \u00a0na pokazie w \u0141\u0105cku : Miros\u0142aw Kantek Jacek Mozga Artur Barto\u0142owicz Piotr i Rafa\u0142 Gaworek Krzysztof Szcz\u0119sny Edward Chrostowski Artur&hellip; <br \/> <a class=\"button small blue\" href=\"http:\/\/mzhk.pl\/?page_id=374\">Dowiedz si\u0119 wi\u0119cej<\/a><\/p>\n","protected":false},"author":1,"featured_media":0,"parent":139,"menu_order":3,"comment_status":"closed","ping_status":"closed","template":"","meta":{"footnotes":""},"class_list":["post-374","page","type-page","status-publish","hentry"],"_links":{"self":[{"href":"http:\/\/mzhk.pl\/index.php?rest_route=\/wp\/v2\/pages\/374","targetHints":{"allow":["GET"]}}],"collection":[{"href":"http:\/\/mzhk.pl\/index.php?rest_route=\/wp\/v2\/pages"}],"about":[{"href":"http:\/\/mzhk.pl\/index.php?rest_route=\/wp\/v2\/types\/page"}],"author":[{"embeddable":true,"href":"http:\/\/mzhk.pl\/index.php?rest_route=\/wp\/v2\/users\/1"}],"replies":[{"embeddable":true,"href":"http:\/\/mzhk.pl\/index.php?rest_route=%2Fwp%2Fv2%2Fcomments&post=374"}],"version-history":[{"count":1,"href":"http:\/\/mzhk.pl\/index.php?rest_route=\/wp\/v2\/pages\/374\/revisions"}],"predecessor-version":[{"id":385,"href":"http:\/\/mzhk.pl\/index.php?rest_route=\/wp\/v2\/pages\/374\/revisions\/385"}],"up":[{"embeddable":true,"href":"http:\/\/mzhk.pl\/index.php?rest_route=\/wp\/v2\/pages\/139"}],"wp:attachment":[{"href":"http:\/\/mzhk.pl\/index.php?rest_route=%2Fwp%2Fv2%2Fmedia&parent=374"}],"curies":[{"name":"wp","href":"https:\/\/api.w.org\/{rel}","templated":true}]}}