{"id":139,"date":"2018-09-03T10:57:24","date_gmt":"2018-09-03T08:57:24","guid":{"rendered":"http:\/\/mzhk.pl\/?page_id=139"},"modified":"2024-12-03T19:07:02","modified_gmt":"2024-12-03T18:07:02","slug":"zdjecia","status":"publish","type":"page","link":"http:\/\/mzhk.pl\/?page_id=139","title":{"rendered":"Zdj\u0119cia z wystaw"},"content":{"rendered":"<h3 style=\"text-align: center;\">\u00a0<\/h3>\n<h3 style=\"text-align: center;\"><strong><a href=\"http:\/\/mzhk.pl\/?page_id=454\" target=\"_blank\" rel=\"noopener noreferrer\">D\u0119be Wielkie 2011<\/a><\/strong><\/h3>\n<h3 style=\"text-align: center;\"><strong><a href=\"http:\/\/mzhk.pl\/?page_id=142\" target=\"_blank\" rel=\"noopener noreferrer\">Mi\u0144sk Mazowiecki 2012<\/a><\/strong><\/h3>\n<h3 style=\"text-align: center;\"><strong><a href=\"http:\/\/mzhk.pl\/?page_id=421\" target=\"_blank\" rel=\"noopener noreferrer\">Bronisze 2013<\/a><\/strong><\/h3>\n<h3 style=\"text-align: center;\"><strong><a href=\"http:\/\/mzhk.pl\/?page_id=282\" target=\"_blank\" rel=\"noopener noreferrer\">Bronisze 2014<\/a><\/strong><\/h3>\n<h3 style=\"text-align: center;\"><strong><a href=\"http:\/\/mzhk.pl\/?page_id=337\" target=\"_blank\" rel=\"noopener noreferrer\">Bronisze 2016<\/a><\/strong><\/h3>\n<h3 style=\"text-align: center;\"><strong><a href=\"http:\/\/mzhk.pl\/?page_id=844(otworzy si\u0119 w nowej zak\u0142adce)\" target=\"_blank\" rel=\"noopener noreferrer\">Bonisze 2019<\/a><\/strong><\/h3>\n<h3 style=\"text-align: center;\"><strong><a href=\"http:\/\/mzhk.pl\/?page_id=1362\" target=\"_blank\" rel=\"noopener noreferrer\">Bonisze 2024<\/a><\/strong><\/h3>\n<h3 style=\"text-align: center;\"><strong><a href=\"http:\/\/mzhk.pl\/?page_id=386\" target=\"_blank\" rel=\"noopener noreferrer\">\u0141\u0105ck 2011<\/a><\/strong><\/h3>\n<h3 style=\"text-align: center;\"><strong><a href=\"http:\/\/mzhk.pl\/?page_id=400\" target=\"_blank\" rel=\"noopener noreferrer\">\u0141\u0105ck 2012<\/a><\/strong><\/h3>\n<h3 style=\"text-align: center;\"><strong><a href=\"http:\/\/mzhk.pl\/?page_id=251\" target=\"_blank\" rel=\"noopener noreferrer\">\u0141\u0105ck 2013<\/a><\/strong><\/h3>\n<h3 style=\"text-align: center;\"><strong><a href=\"http:\/\/mzhk.pl\/?page_id=200\" target=\"_blank\" rel=\"noopener noreferrer\">\u0141\u0105ck 2014<\/a><\/strong><\/h3>\n<h3 style=\"text-align: center;\"><strong><a href=\"http:\/\/mzhk.pl\/?page_id=362\" target=\"_blank\" rel=\"noopener noreferrer\">\u0141\u0105ck 2015<\/a><\/strong><\/h3>\n<h3 style=\"text-align: center;\"><strong><a href=\"http:\/\/mzhk.pl\/?page_id=374\" target=\"_blank\" rel=\"noopener noreferrer\">\u0141\u0105ck 2017<\/a><\/strong><\/h3>\n<h3 style=\"text-align: center;\"><strong><a href=\"http:\/\/mzhk.pl\/?page_id=293\" target=\"_blank\" rel=\"noopener noreferrer\">\u0141\u0105ck 2018<\/a><\/strong><\/h3>\n<h3 style=\"text-align: center;\"><strong><a href=\"http:\/\/mzhk.pl\/?page_id=499\" target=\"_blank\" rel=\"noopener noreferrer\">Siedlce 2018<\/a><\/strong><\/h3>\n<h3 style=\"text-align: center;\"><a href=\"http:\/\/mzhk.pl\/?page_id=1047\" target=\"_blank\" rel=\"noopener noreferrer\"><strong>Siedlce 2022<\/strong><\/a><\/h3>\n\n\n<p><\/p>\n","protected":false},"excerpt":{"rendered":"<p>\u00a0 D\u0119be Wielkie 2011 Mi\u0144sk Mazowiecki 2012 Bronisze 2013 Bronisze 2014 Bronisze 2016 Bonisze 2019 Bonisze 2024 \u0141\u0105ck 2011 \u0141\u0105ck 2012 \u0141\u0105ck 2013 \u0141\u0105ck 2014 \u0141\u0105ck 2015 \u0141\u0105ck 2017 \u0141\u0105ck 2018 Siedlce 2018 Siedlce 2022<\/p>\n","protected":false},"author":1,"featured_media":0,"parent":0,"menu_order":0,"comment_status":"closed","ping_status":"closed","template":"","meta":{"footnotes":""},"class_list":["post-139","page","type-page","status-publish","hentry"],"_links":{"self":[{"href":"http:\/\/mzhk.pl\/index.php?rest_route=\/wp\/v2\/pages\/139","targetHints":{"allow":["GET"]}}],"collection":[{"href":"http:\/\/mzhk.pl\/index.php?rest_route=\/wp\/v2\/pages"}],"about":[{"href":"http:\/\/mzhk.pl\/index.php?rest_route=\/wp\/v2\/types\/page"}],"author":[{"embeddable":true,"href":"http:\/\/mzhk.pl\/index.php?rest_route=\/wp\/v2\/users\/1"}],"replies":[{"embeddable":true,"href":"http:\/\/mzhk.pl\/index.php?rest_route=%2Fwp%2Fv2%2Fcomments&post=139"}],"version-history":[{"count":18,"href":"http:\/\/mzhk.pl\/index.php?rest_route=\/wp\/v2\/pages\/139\/revisions"}],"predecessor-version":[{"id":1364,"href":"http:\/\/mzhk.pl\/index.php?rest_route=\/wp\/v2\/pages\/139\/revisions\/1364"}],"wp:attachment":[{"href":"http:\/\/mzhk.pl\/index.php?rest_route=%2Fwp%2Fv2%2Fmedia&parent=139"}],"curies":[{"name":"wp","href":"https:\/\/api.w.org\/{rel}","templated":true}]}}